o - o + 21. Let f be 1 - 4 - 5*(81 - 1)/(-5). Calculate the greatest common divisor of o and f.
7
Suppose b - 2*b - 3*a = -211, b = 4*a + 190. Let q = 224 - b. Let f(o) = -6*o - 3. Let c be f(-6). What is the highest common divisor of q and c?
11
Let z = -98 - -108. Suppose 3*y + z - 13 = 0. Calculate the highest common factor of y and 75.
1
Let q = 3684 + -3582. What is the greatest common divisor of q and 102?
102
Let l(a) = a**3 + 2*a**2 - 18*a - 10. Let f be l(-5). Suppose -5*d = g - 465, -251 = d - 4*d + f*g. Calculate the highest common divisor of 69 and d.
23
Let f(z) = -44*z + 1514. Let v be f(-39). What is the greatest common factor of 114 and v?
38
Let q be 83912/74 + (-40)/(-740). Calculate the highest common factor of q and 6.
6
Suppose j - 1 = v, 2*j = -0*v - v + 11. Let u be 18/2*7/(-63)*-1. Let s be (36/(-30))/(j/(-30))*u. What is the highest common divisor of s and 90?
9
Suppose -8*t + 6475 + 3778 = -4307. What is the greatest common factor of 30 and t?
10
Suppose 289 = 8*y - r, -2*y = -2*r + 97 - 171. Calculate the highest common divisor of 6084 and y.
36
Let b(l) = 4*l**3 - l**2 + 4*l - 3. Let s be b(2). Let y = 427 - 736. Let v = y + 606. Calculate the highest common divisor of v and s.
33
Let j be (-48)/18 - (-4)/6. Let r be j - -4 - (-2 + -1). Suppose 4*g + 2*k - 140 = 0, -19*k + 22*k = 2*g - 70. Calculate the greatest common divisor of r and g.
5
Let t be 0 - ((-1)/(-4) - 23548/112). Suppose -4*r = -263 + 55. Let d = r + -31. What is the greatest common factor of d and t?
21
Let l(n) = 136*n**2 + 76*n - 364. Let z be l(6). Calculate the highest common divisor of 688 and z.
172
Suppose -172*i + 245 = -79*i - 58*i. What is the highest common divisor of 3654 and i?
7
Suppose -864 + 1353 + 1695 = 24*z. Let a = -34 + 112. What is the greatest common factor of z and a?
13
Suppose -26 = 2*u, 4*v - 5*u + 4*u = -2*u + 1687. Suppose 387 = 5*t - 888. What is the greatest common divisor of v and t?
85
Suppose 0 = -10*c - 3*c + 26. Suppose -5*b + 4*g + 30 = 0, -g + 18 = 3*b - 2*g. Let s be 68/12*b*1. Calculate the highest common factor of c and s.
2
Suppose 0 = 2*o + 5*u - 5778, -332*o = -329*o + 4*u - 8667. Calculate the highest common factor of 162 and o.
27
Let k be (-5)/(-3) - 0 - (29 - (-358372)/(-84)). Calculate the greatest common factor of 243 and k.
27
Let h = 12 + 13. Suppose -3*u - 3 = 0, -2*u + h = -f + u. Let r = 36 + f. What is the greatest common divisor of r and 88?
8
Suppose 0 = 2*r + 3*b - 490, -3*b = 4 + 2. Suppose 192*z - 270*z + 11036 = 278*z. What is the greatest common factor of r and z?
31
Let s(v) = -218*v - 12*v**2 - v**3 + 228*v - 2*v**2 + 42. Let o be s(-15). Let t = -12 - -25. Calculate the greatest common factor of t and o.
13
Let f(p) = -9*p**3 + 28*p**2 + 11*p - 31. Let q be f(-7). Calculate the highest common factor of 1832 and q.
229
Let z(p) = p - 2. Let u be z(7). Let l be (16/(-40))/((-1)/u). Let y(x) = 15*x**2 + 25*x + 26. Let i be y(-1). What is the greatest common divisor of i and l?
2
Let a be 2/(2/3)*-21. Let g(m) = -3*m**2 + 107*m + 4. Let s be g(35). Let r = s + a. Calculate the greatest common divisor of r and 99.
11
Suppose l = -l + 4*k + 1180, 4*l = 2*k + 2342. Let w = l + -536. Calculate the greatest common divisor of 168 and w.
24
Suppose -5*z + 20 = 0, 2*i - 21 = -z + 5. Suppose -24*n = 1033 - 3409. What is the greatest common divisor of n and i?
11
Let t = -155 - -106. Suppose 4*m = -3*m - 602. Let w = t - m. Calculate the greatest common factor of 148 and w.
37
Let f = -649 - -649. Suppose f = 20*j - 36*j + 896. Suppose -4*q = -8*q + 32. What is the greatest common divisor of j and q?
8
Suppose 231 - 226 = 5*q. Let c be (10/25 + 46/10)/q. Calculate the greatest common factor of c and 5.
5
Let g(w) = w**3 - 22*w**2 - 2*w + 56. Let l be g(22). Let a = 1 + -8. Let r = a + l. Calculate the highest common factor of r and 45.
5
Suppose -5*y + 5*b + 2935 = 0, 5*y - 3*b = -884 + 3835. Calculate the greatest common factor of 1470 and y.
35
Let t be 24/32 + 1/4. Let d be (120/100)/(t/(40/6)). Suppose d = 6*y - 10. What is the greatest common divisor of 24 and y?
3
Suppose -2*j - b = j - 97, 3*j - 109 = -4*b. Let n(l) = 21*l**2 - 64*l + 230. Let i be n(4). What is the highest common factor of j and i?
31
Let j(t) = -11*t**2 + 3*t + 11. Let s be j(-2). Let p = s + 143. What is the greatest common factor of 78 and p?
26
Suppose -832*b - 3*w + 88715 = -828*b, 0 = -5*b - w + 110880. What is the highest common divisor of b and 25?
25
Suppose 2*x - 757 = -5*u, 0 = -x + 20 - 24. Calculate the highest common factor of 731 and u.
17
Let o = -3405 + 3825. What is the highest common divisor of 1008 and o?
84
Suppose 0 = b + 2*g - 32, 5*b = 4*g + 255 - 95. Let p = 79 - 15. What is the highest common divisor of p and b?
32
Let p be (-4)/(-8) + (-78)/(-4). Suppose 6*d + 4 = -p. Let v(s) = -6*s - 10. Let z be v(d). What is the greatest common factor of 14 and z?
14
Suppose 7498 + 30817 = 5*z. Calculate the greatest common factor of z and 79.
79
Suppose -5*m + h = -251, -3*h - 15 = -m + 38. Let g = m - 48. Let k be 4/((-40)/(-1495)) - (-1)/g. Calculate the highest common factor of k and 60.
30
Suppose -653*g = -133*g - 12480. Suppose -5*u + 4*b = 1, -u + 6*u - b - 11 = 0. What is the highest common factor of u and g?
3
Let u(k) = -k + 7. Let h be u(-2). Let n(r) = -r + 23. Let b be n(h). Calculate the highest common factor of 4 and b.
2
Let t(r) = r**3 - 11*r**2 + 15*r - 25. Let c be t(10). Suppose -288*x + 293*x = c. What is the greatest common factor of 35 and x?
5
Let w = -6951 - -6972. What is the greatest common factor of w and 10227?
21
Let b = -845 + 917. Let y = 80 - b. Let m be (-4)/((-2)/(-64)*-2). What is the greatest common divisor of y and m?
8
Let c be (-36)/(-96)*-20*106*-1. Calculate the greatest common factor of c and 45.
15
Suppose -8196 = -3*s + 3*o, 6*s - 9*s + 8171 = 2*o. What is the greatest common divisor of 81 and s?
27
Suppose 11*x + 936 = 29*x. Let i(v) = 2*v - 6. Let n be i(13). Suppose -2*j - x = -6*h + h, 0 = 2*h - j - n. Calculate the greatest common divisor of h and 84.
12
Let x(d) = -18*d + 2264. Let b be x(104). What is the highest common factor of b and 735?
49
Suppose 17*c - 372 = 2. Calculate the greatest common divisor of 274 and c.
2
Let m(g) = g**2 + 2*g. Let a be m(1). Let z(c) = 2*c - 1 - a - 4 + 2*c. Let i be z(5). What is the greatest common factor of 8 and i?
4
Let r = 302 - 68. Suppose -2*l - 972 = -5*j + r, -3*j + 2*l + 726 = 0. What is the highest common divisor of j and 400?
80
Let y = -6102 - -6711. What is the greatest common divisor of 145 and y?
29
Let r(f) = -f + 317. Let x be r(21). Calculate the highest common divisor of 8 and x.
8
Let o be 1040/325*435/12. Calculate the greatest common divisor of 1044 and o.
116
Suppose 11*d = 353 + 197. Let u = d - 38. Calculate the highest common factor of u and 16.
4
Let a = -412 - -1107. Suppose 5*y + 90 - a = 0. What is the greatest common divisor of y and 33?
11
Suppose 855 - 4777 = -37*x. What is the greatest common factor of 3021 and x?
53
Let r(k) = 45*k - 1102. Let w be r(35). What is the greatest common divisor of w and 11?
11
Let m(w) = -w**3 + w**2 + 462*w + 48. Let s be m(22). What is the greatest common factor of s and 3072?
48
Suppose 2*v = -14 + 12, -3*n + 4*v = -56779. What is the highest common divisor of n and 25?
25
Suppose -4*n + 5*f = -552, -247 + 223 = 3*f. What is the greatest common divisor of n and 6976?
64
Suppose 26892 = 5200*v - 5191*v. What is the greatest common divisor of 288 and v?
36
Let m(r) = r**2 - r + 7. Let s be m(0). Let c = s + 33. Suppose 0 = 15*a - 5*a - c. Calculate the greatest common divisor of 6 and a.
2
Suppose -4*j = -9*j + 2385. Let y be ((-2172)/(-8))/(3 + (-18)/8). Suppose -363*o + 53 = -y*o. What is the greatest common divisor of j and o?
53
Let r be (-12)/2*(910/(-6))/5. Suppose r = -23*l + 30*l. What is the greatest common divisor of l and 754?
26
Let u = -5182 - -10474. Calculate the highest common factor of 126 and u.
126
Suppose -4*s + 9 = -11. Suppose 4*v = 3*v + s. Suppose v*k = 8*k - 69. What is the greatest common divisor of k and 115?
23
Let l = -6408 + 6517. Let i = 141 + -31. Let p = i - l. What is the highest common divisor of p and 1?
1
Suppose -10*f